on factor of 1444 and a?
19
Let c(d) = -11*d + 115. Let y be c(6). Calculate the highest common divisor of 49 and y.
49
Let u be (-2334)/(-30) - 48/60. Calculate the highest common divisor of 44 and u.
11
Suppose 4*n + 1357 = 4*i + 3*n, -4*i - 5*n + 1375 = 0. What is the highest common divisor of 60 and i?
20
Suppose 6*y = 161 - 125. Let x = 11 + -3. What is the highest common divisor of y and x?
2
Let p be 47/(-3) - (-2)/3. Let a be p*-4*2/20. Let j = 20 - -34. Calculate the greatest common factor of j and a.
6
Let s = 1353 + -1315. What is the greatest common divisor of s and 152?
38
Let y(x) = x**3 + 5*x**2 + 2*x + 4. Let o be y(-5). Let l = o + 10. Let g(h) = 11*h + 167. Let n be g(-15). Calculate the greatest common divisor of l and n.
2
Suppose -m = 2*m - 15, -4*z + 3*m = -9. Suppose 2*y + 4 + z = 0. Let s be (-20)/y - (0 + -1). What is the highest common divisor of s and 55?
5
Suppose 2*b - 5*y = 29, 0 = -3*b - 0*y - y + 1. Suppose 3*h = -9, 0 = -5*n - h - b*h + 41. What is the greatest common divisor of n and 15?
5
Let o be (-1 - -304) + (-13 - (9 - 19)). Calculate the highest common divisor of o and 36.
12
Let r(q) = -2*q - 6. Let b be r(-5). Suppose 2*l = 3*l - 2. Suppose 8 = -l*w + 24. Calculate the greatest common factor of b and w.
4
Let w be ((-153)/(-85))/((-2)/(-90)). Calculate the greatest common factor of w and 45.
9
Suppose -y + 18 = m, 5*y - 47 = -m + 51. Suppose -3*r = -5*r + y. Let v be 74 - ((-11)/2 - 22/44). What is the highest common divisor of r and v?
10
Suppose -2*x + 120 = 3*x. Let k be ((-6)/(-15))/((-799)/80 + 10). What is the highest common factor of x and k?
8
Let b = 713 + -663. Calculate the greatest common factor of b and 4.
2
Let o be (-1 + -2)*(-18)/(-27). Let s be (-2)/((16/260)/o). What is the greatest common divisor of s and 13?
13
Suppose 7*y = 14 - 0. Suppose 3*d - 93 = -3*h, -d + y*d + 2*h - 36 = 0. Calculate the greatest common factor of 65 and d.
13
Let i = 16 + -16. Let f(j) = -11*j**3 + 10*j**2 + i*j - 7*j - 3 - 6 + 10*j**3. Let m be f(8). Calculate the highest common factor of 42 and m.
21
Suppose 8 = -j + 70. What is the greatest common divisor of 31 and j?
31
Let b(g) = -3*g**2 + 29*g - 29. Let i be b(8). Calculate the highest common divisor of 451 and i.
11
Let n be ((-45)/90)/(2/15)*-8. What is the greatest common factor of n and 534?
6
Suppose 1197 + 78 = 5*y. What is the greatest common divisor of 340 and y?
85
Suppose 6*l - 178 = -5*v + 5*l, -114 = -3*v - 3*l. What is the highest common factor of v and 21?
7
Suppose 3*u - 3576 = -5*r + 4*u, -2148 = -3*r + 3*u. Calculate the highest common factor of r and 65.
65
Suppose 4*j + 24 = -5*o, -j + o + 9 = -6*j. Let q = 89 - j. Let h be ((-9)/6)/((-1)/24). What is the highest common factor of h and q?
18
Let v(g) = g**3 - 2*g**2 + g + 5. Let j(f) = -f**3 + 6*f**2 + 3. Let y be j(6). Let x be v(y). What is the greatest common divisor of x and 187?
17
Let u(n) = -n + 7. Let j be u(4). Suppose -j*t = -6 - 0. Suppose i - 17 = -3*a, 2*i - 15 = -3*a - i. Calculate the greatest common divisor of t and a.
2
Suppose -2*j + 16 = -0. Suppose 0 = -9*o + 1 + 53. Let d be (-38)/(-3) - o/9. Calculate the highest common factor of j and d.
4
Let g(o) = -o**3 + 18*o**2 + 6*o + 16. Let w be g(17). What is the highest common factor of w and 11?
11
Let r(w) = -w**3 - 4*w**2 - 11*w - 21. Let s be r(-7). What is the highest common factor of s and 58?
29
Let k = -16 - -19. Suppose -4*a = -5*i - 88, 0 = -k*a + 4*i - 27 + 94. What is the greatest common factor of 85 and a?
17
Let a be (-29)/(145/300)*4/(-5). Let w = 17 - -19. What is the highest common divisor of w and a?
12
Suppose 12 = 2*v - 2. Let s(p) = -16*p. Let g be s(-2). Suppose 5*q + v = g. What is the highest common factor of q and 35?
5
Suppose -24*l - 110 + 590 = 0. Calculate the greatest common factor of 1 and l.
1
Suppose -46*w + 6*w + 800 = 0. Let r(a) = 4*a**3 + a - 1. Let f be r(1). Calculate the highest common factor of f and w.
4
Suppose 0 = -4*r + 66 - 78, -2705 = -2*f - 5*r. What is the highest common factor of 160 and f?
80
Let l = 1420 + -1407. What is the greatest common factor of l and 1703?
13
Let x(w) = -3*w**2 + 64*w - 26. Let m be x(20). What is the greatest common factor of m and 2?
2
Let j(f) = 2*f**2. Let y(g) = 2*g - 2. Let b be y(2). Let h be j(b). Let a = 188 + -132. Calculate the highest common divisor of h and a.
8
Let s(m) = 15*m + 148. Let y be s(27). Calculate the highest common divisor of 7 and y.
7
Let t = -102 + 105. What is the greatest common factor of 123 and t?
3
Suppose 0 = -10*y + 8*y - 30. Let o(d) = -d**2 - 16*d + 1. Let r be o(y). Let s be 1/(-4) - (-276)/r. What is the greatest common divisor of 187 and s?
17
Suppose -u = 17 - 46. Suppose 4*a = m + u, 2*m - 26 = -4*a - 0*a. Calculate the highest common factor of a and 21.
7
Let z = 31 + -18. Suppose 7*j + 5 = -9. Let s be j*4/(-8)*z. What is the highest common divisor of 104 and s?
13
Suppose 0 = -5*x - 5*j + 14450, x - 3*j = -423 + 3317. Calculate the highest common factor of x and 59.
59
Let r = -141 - -240. Suppose 0 = -3*t + 4*o + 43, -11 = -3*t - 4*o - 0. Calculate the highest common divisor of t and r.
9
Let s be (4*(-20)/(-16))/((-17)/(-1088)). What is the highest common divisor of s and 70?
10
Suppose -5 = 3*h - 14, -3*h - 481 = -5*v. Let t be (1/(-1 + 2))/(14/v). What is the highest common divisor of 14 and t?
7
Let t = -782 - -794. What is the greatest common divisor of t and 384?
12
Let s = 11 - 4. Let m = -29 - -34. Suppose -36 = -m*a - 1. Calculate the highest common divisor of s and a.
7
Let p(f) = -f - 1. Let s(c) = 2*c + 3. Let o(y) = 11*p(y) + 6*s(y). Let b be o(-6). Let k be (b - (-2 + 2)) + 6. What is the highest common divisor of 21 and k?
7
Let f = 53 - 42. Suppose -2051 = -f*b + 721. What is the greatest common factor of b and 36?
36
Let t(a) = a**3 + 15*a**2 - 17*a + 5. Let k = 6 - 21. Let j be t(k). Suppose -3*l - 2*l = -j. Calculate the greatest common factor of l and 13.
13
Suppose 41*x + 11*x = 6240. Calculate the greatest common factor of x and 15.
15
Suppose x = 5*g + 183, 5*x - 888 = g - 45. Let o = 19 + 93. What is the greatest common divisor of x and o?
56
Let m be ((-30)/(-20))/((-12)/(-256)). What is the greatest common divisor of 272 and m?
16
Let h = -47 + 1202. Suppose 19*o - 8*o = h. What is the greatest common factor of o and 15?
15
Let z be 12/18 - ((-4728)/(-9))/(-4). What is the greatest common divisor of 18 and z?
6
Let f(j) = j**2 - 3*j. Let s be f(3). Suppose -2*t + 5*t - 138 = s. Let y = 249 + -134. Calculate the highest common divisor of y and t.
23
Let o be (4/((-48)/(-44)))/(1/(-18)). Let z = 71 + o. Let g(d) = d**3 + 6*d**2 + 5*d + 2. Let r be g(-5). What is the greatest common divisor of z and r?
1
Let n(a) = a**2 + 23*a + 51. Suppose -p - 19 - 9 = -2*b, b + 19 = -p. Let h be n(p). What is the highest common divisor of 145 and h?
29
Let j be (90/60)/((-2)/(-264)). Calculate the greatest common factor of 33 and j.
33
Suppose -660*i + 646*i = -154. Let r = -99 + 176. What is the greatest common divisor of i and r?
11
Suppose 82*c + 2010 = 88*c. Calculate the highest common factor of c and 201.
67
Let x(c) = -c**3 + c**2 + 22*c + 5. Let k be x(5). Calculate the greatest common divisor of 915 and k.
15
Suppose -10 = 3*u + 14. Let c be u/(-14) + 384/14. Calculate the highest common factor of 7 and c.
7
Let p be 2/3 + 340/30. Suppose -p*u = -206 - 166. Calculate the highest common divisor of u and 124.
31
Let p be (-2 - -1 - 35)*(-3)/3. Let k be 36/(-2 - (-14)/4). Calculate the greatest common divisor of k and p.
12
Suppose -47*y - 382 = -1322. What is the greatest common factor of 244 and y?
4
Let i be (-1)/5 + (-2)/(-10). Suppose i = v - 308 + 56. Calculate the highest common divisor of 36 and v.
36
Let k = 574 - 160. What is the greatest common factor of 23 and k?
23
Suppose 0 = -u + 7*u. Let n(o) = -o**2 + 2*o + 3. Let z be n(u). What is the greatest common divisor of z and 3?
3
Let p = 18 + 24. Let f be (-36)/15*(-5)/2. What is the greatest common factor of p and f?
6
Let y = -35 - -29. Let n be (-2184)/(-36) - 2/y. Suppose 11 = -5*z + n. What is the greatest common divisor of z and 40?
10
Let d(j) = -j**3 - 3*j**2 + 2*j - 28. Let l be d(-7). Suppose 3*r - l - 608 